{"id":936,"date":"2023-08-08T12:33:01","date_gmt":"2023-08-08T17:33:01","guid":{"rendered":"https:\/\/site.eesppjjbtacna.edu.pe\/?page_id=936"},"modified":"2023-08-11T14:58:03","modified_gmt":"2023-08-11T19:58:03","slug":"educacion-secundaria-comunicacion","status":"publish","type":"page","link":"https:\/\/site.eesppjjbtacna.edu.pe\/?page_id=936","title":{"rendered":"EDUCACI\u00d3N SECUNDARIA &#8211; COMUNICACI\u00d3N"},"content":{"rendered":"\t\t<div data-elementor-type=\"wp-page\" data-elementor-id=\"936\" class=\"elementor elementor-936\">\n\t\t\t\t<div class=\"elementor-element elementor-element-4be2fac e-flex e-con-boxed e-con e-parent\" data-id=\"4be2fac\" data-element_type=\"container\" data-e-type=\"container\">\n\t\t\t\t\t<div class=\"e-con-inner\">\n\t\t\t\t<div class=\"elementor-element elementor-element-0ddb032 elementor-widget elementor-widget-text-editor\" data-id=\"0ddb032\" data-element_type=\"widget\" data-e-type=\"widget\" data-widget_type=\"text-editor.default\">\n\t\t\t\t<div class=\"elementor-widget-container\">\n\t\t\t\t\t\t\t\t\t<p style=\"text-align: justify;\"><span style=\"font-size: 14pt;\"><img fetchpriority=\"high\" decoding=\"async\" class=\"size-full wp-image-445 alignleft\" src=\"https:\/\/site.eesppjjbtacna.edu.pe\/wp-content\/uploads\/2023\/08\/comunicacion.png\" alt=\"\" width=\"400\" height=\"311\" srcset=\"https:\/\/site.eesppjjbtacna.edu.pe\/wp-content\/uploads\/2023\/08\/comunicacion.png 400w, https:\/\/site.eesppjjbtacna.edu.pe\/wp-content\/uploads\/2023\/08\/comunicacion-300x233.png 300w, https:\/\/site.eesppjjbtacna.edu.pe\/wp-content\/uploads\/2023\/08\/comunicacion-150x117.png 150w\" sizes=\"(max-width: 400px) 100vw, 400px\" \/>La Formaci\u00f3n Inicial Docente (FID) en el Per\u00fa responde a una visi\u00f3n com\u00fan e integral de las competencias profesionales que requieren los docentes para atender las demandas del sistema educativo, que incluyen la atenci\u00f3n a la diversidad. Para ello, el curr\u00edculo de la FID establece el Perfil de egreso como centro de una propuesta formativa integral orientada al desarrollo de competencias personales y profesionales en los estudiantes, que les permiten desenvolverse de manera \u00e9tica, pertinente, eficiente y eficaz en su pr\u00e1ctica docente. El Perfil de egreso de la FID se alinea a los dominios y competencias establecidos en el Marco de Buen Desempe\u00f1o Docente (MBDD), a la vez que considera competencias vinculadas a la formaci\u00f3n integral que requieren los docentes en el siglo XXI. <\/span><\/p>\t\t\t\t\t\t\t\t<\/div>\n\t\t\t\t<\/div>\n\t\t\t\t\t<\/div>\n\t\t\t\t<\/div>\n\t\t<div class=\"elementor-element elementor-element-ff7a6fe e-flex e-con-boxed e-con e-parent\" data-id=\"ff7a6fe\" data-element_type=\"container\" data-e-type=\"container\">\n\t\t\t\t\t<div class=\"e-con-inner\">\n\t\t\t\t<div class=\"elementor-element elementor-element-2294fae elementor-tabs-view-vertical elementor-widget elementor-widget-tabs\" data-id=\"2294fae\" data-element_type=\"widget\" data-e-type=\"widget\" data-widget_type=\"tabs.default\">\n\t\t\t\t<div class=\"elementor-widget-container\">\n\t\t\t\t\t\t\t<div class=\"elementor-tabs\">\n\t\t\t<div class=\"elementor-tabs-wrapper\" role=\"tablist\" >\n\t\t\t\t\t\t\t\t\t<div id=\"elementor-tab-title-3621\" class=\"elementor-tab-title elementor-tab-desktop-title\" aria-selected=\"true\" data-tab=\"1\" role=\"tab\" tabindex=\"0\" aria-controls=\"elementor-tab-content-3621\" aria-expanded=\"false\">PERFIL DEL EGRESADO<\/div>\n\t\t\t\t\t\t\t\t\t<div id=\"elementor-tab-title-3622\" class=\"elementor-tab-title elementor-tab-desktop-title\" aria-selected=\"false\" data-tab=\"2\" role=\"tab\" tabindex=\"-1\" aria-controls=\"elementor-tab-content-3622\" aria-expanded=\"false\">ESTRUCTURA ORGANIZATIVA<\/div>\n\t\t\t\t\t\t\t\t\t<div id=\"elementor-tab-title-3623\" class=\"elementor-tab-title elementor-tab-desktop-title\" aria-selected=\"false\" data-tab=\"3\" role=\"tab\" tabindex=\"-1\" aria-controls=\"elementor-tab-content-3623\" aria-expanded=\"false\">PLAN DE ESTUDIOS<\/div>\n\t\t\t\t\t\t\t\t\t<div id=\"elementor-tab-title-3624\" class=\"elementor-tab-title elementor-tab-desktop-title\" aria-selected=\"false\" data-tab=\"4\" role=\"tab\" tabindex=\"-1\" aria-controls=\"elementor-tab-content-3624\" aria-expanded=\"false\">MALLA CURRICULAR<\/div>\n\t\t\t\t\t\t\t\t\t<div id=\"elementor-tab-title-3625\" class=\"elementor-tab-title elementor-tab-desktop-title\" aria-selected=\"false\" data-tab=\"5\" role=\"tab\" tabindex=\"-1\" aria-controls=\"elementor-tab-content-3625\" aria-expanded=\"false\">DOCENTES<\/div>\n\t\t\t\t\t\t\t<\/div>\n\t\t\t<div class=\"elementor-tabs-content-wrapper\" role=\"tablist\" aria-orientation=\"vertical\">\n\t\t\t\t\t\t\t\t\t<div class=\"elementor-tab-title elementor-tab-mobile-title\" aria-selected=\"true\" data-tab=\"1\" role=\"tab\" tabindex=\"0\" aria-controls=\"elementor-tab-content-3621\" aria-expanded=\"false\">PERFIL DEL EGRESADO<\/div>\n\t\t\t\t\t<div id=\"elementor-tab-content-3621\" class=\"elementor-tab-content elementor-clearfix\" data-tab=\"1\" role=\"tabpanel\" aria-labelledby=\"elementor-tab-title-3621\" tabindex=\"0\" hidden=\"false\"><p style=\"text-align: justify;\"><span style=\"font-size: 14pt;\">El Perfil de egreso de la Formaci\u00f3n Inicial Docente es la visi\u00f3n com\u00fan e integral de las competencias profesionales docentes que deben desarrollar los estudiantes Progresivamente durante el proceso formativo para ejercer id\u00f3neamente la docencia. El Perfil de egreso permite establecer una formaci\u00f3n integral especializada basada en la pr\u00e1ctica, investigaci\u00f3n e innovaci\u00f3n, que busca garantizar el desarrollo de competencias en los estudiantes para desenvolverse de manera \u00e9tica, eficiente y eficaz en su pr\u00e1ctica docente, respondiendo a las demandas del sistema educativo. Este perfil de la Formaci\u00f3n Inicial Docente se alinea a los dominios y competencias establecidos en el Marco de Buen Desempe\u00f1o Docente (MBDD). Este marco establece la profesi\u00f3n como un quehacer complejo y reconoce dimensiones compartidas con otras profesiones, pero tambi\u00e9n delimita las dimensiones que son propias de la docencia.<\/span><\/p><p><img decoding=\"async\" class=\"aligncenter size-full wp-image-1251\" src=\"https:\/\/site.eesppjjbtacna.edu.pe\/wp-content\/uploads\/2023\/08\/PERFIL-MAT.png\" alt=\"\" width=\"800\" height=\"588\" srcset=\"https:\/\/site.eesppjjbtacna.edu.pe\/wp-content\/uploads\/2023\/08\/PERFIL-MAT.png 800w, https:\/\/site.eesppjjbtacna.edu.pe\/wp-content\/uploads\/2023\/08\/PERFIL-MAT-300x221.png 300w, https:\/\/site.eesppjjbtacna.edu.pe\/wp-content\/uploads\/2023\/08\/PERFIL-MAT-768x564.png 768w, https:\/\/site.eesppjjbtacna.edu.pe\/wp-content\/uploads\/2023\/08\/PERFIL-MAT-150x110.png 150w\" sizes=\"(max-width: 800px) 100vw, 800px\" \/><\/p><\/div>\n\t\t\t\t\t\t\t\t\t<div class=\"elementor-tab-title elementor-tab-mobile-title\" aria-selected=\"false\" data-tab=\"2\" role=\"tab\" tabindex=\"-1\" aria-controls=\"elementor-tab-content-3622\" aria-expanded=\"false\">ESTRUCTURA ORGANIZATIVA<\/div>\n\t\t\t\t\t<div id=\"elementor-tab-content-3622\" class=\"elementor-tab-content elementor-clearfix\" data-tab=\"2\" role=\"tabpanel\" aria-labelledby=\"elementor-tab-title-3622\" tabindex=\"0\" hidden=\"hidden\"><p><img decoding=\"async\" class=\"aligncenter size-full wp-image-1281\" src=\"https:\/\/site.eesppjjbtacna.edu.pe\/wp-content\/uploads\/2023\/08\/ESTRUCTURA-ORGANIZATIVA-COM.png\" alt=\"\" width=\"800\" height=\"547\" srcset=\"https:\/\/site.eesppjjbtacna.edu.pe\/wp-content\/uploads\/2023\/08\/ESTRUCTURA-ORGANIZATIVA-COM.png 800w, https:\/\/site.eesppjjbtacna.edu.pe\/wp-content\/uploads\/2023\/08\/ESTRUCTURA-ORGANIZATIVA-COM-300x205.png 300w, https:\/\/site.eesppjjbtacna.edu.pe\/wp-content\/uploads\/2023\/08\/ESTRUCTURA-ORGANIZATIVA-COM-768x525.png 768w, https:\/\/site.eesppjjbtacna.edu.pe\/wp-content\/uploads\/2023\/08\/ESTRUCTURA-ORGANIZATIVA-COM-150x103.png 150w\" sizes=\"(max-width: 800px) 100vw, 800px\" \/><\/p><\/div>\n\t\t\t\t\t\t\t\t\t<div class=\"elementor-tab-title elementor-tab-mobile-title\" aria-selected=\"false\" data-tab=\"3\" role=\"tab\" tabindex=\"-1\" aria-controls=\"elementor-tab-content-3623\" aria-expanded=\"false\">PLAN DE ESTUDIOS<\/div>\n\t\t\t\t\t<div id=\"elementor-tab-content-3623\" class=\"elementor-tab-content elementor-clearfix\" data-tab=\"3\" role=\"tabpanel\" aria-labelledby=\"elementor-tab-title-3623\" tabindex=\"0\" hidden=\"hidden\"><p><img loading=\"lazy\" decoding=\"async\" class=\"aligncenter size-full wp-image-1286\" src=\"https:\/\/site.eesppjjbtacna.edu.pe\/wp-content\/uploads\/2023\/08\/PLAN-ESTUDIOS-COM.png\" alt=\"\" width=\"800\" height=\"1105\" srcset=\"https:\/\/site.eesppjjbtacna.edu.pe\/wp-content\/uploads\/2023\/08\/PLAN-ESTUDIOS-COM.png 800w, https:\/\/site.eesppjjbtacna.edu.pe\/wp-content\/uploads\/2023\/08\/PLAN-ESTUDIOS-COM-217x300.png 217w, https:\/\/site.eesppjjbtacna.edu.pe\/wp-content\/uploads\/2023\/08\/PLAN-ESTUDIOS-COM-741x1024.png 741w, https:\/\/site.eesppjjbtacna.edu.pe\/wp-content\/uploads\/2023\/08\/PLAN-ESTUDIOS-COM-768x1061.png 768w, https:\/\/site.eesppjjbtacna.edu.pe\/wp-content\/uploads\/2023\/08\/PLAN-ESTUDIOS-COM-109x150.png 109w\" sizes=\"(max-width: 800px) 100vw, 800px\" \/><\/p><\/div>\n\t\t\t\t\t\t\t\t\t<div class=\"elementor-tab-title elementor-tab-mobile-title\" aria-selected=\"false\" data-tab=\"4\" role=\"tab\" tabindex=\"-1\" aria-controls=\"elementor-tab-content-3624\" aria-expanded=\"false\">MALLA CURRICULAR<\/div>\n\t\t\t\t\t<div id=\"elementor-tab-content-3624\" class=\"elementor-tab-content elementor-clearfix\" data-tab=\"4\" role=\"tabpanel\" aria-labelledby=\"elementor-tab-title-3624\" tabindex=\"0\" hidden=\"hidden\"><p><img loading=\"lazy\" decoding=\"async\" class=\"aligncenter size-full wp-image-1296\" src=\"https:\/\/site.eesppjjbtacna.edu.pe\/wp-content\/uploads\/2023\/08\/MALLA-CURRICULAR-COM.png\" alt=\"\" width=\"800\" height=\"574\" srcset=\"https:\/\/site.eesppjjbtacna.edu.pe\/wp-content\/uploads\/2023\/08\/MALLA-CURRICULAR-COM.png 800w, https:\/\/site.eesppjjbtacna.edu.pe\/wp-content\/uploads\/2023\/08\/MALLA-CURRICULAR-COM-300x215.png 300w, https:\/\/site.eesppjjbtacna.edu.pe\/wp-content\/uploads\/2023\/08\/MALLA-CURRICULAR-COM-768x551.png 768w, https:\/\/site.eesppjjbtacna.edu.pe\/wp-content\/uploads\/2023\/08\/MALLA-CURRICULAR-COM-150x108.png 150w\" sizes=\"(max-width: 800px) 100vw, 800px\" \/><\/p><\/div>\n\t\t\t\t\t\t\t\t\t<div class=\"elementor-tab-title elementor-tab-mobile-title\" aria-selected=\"false\" data-tab=\"5\" role=\"tab\" tabindex=\"-1\" aria-controls=\"elementor-tab-content-3625\" aria-expanded=\"false\">DOCENTES<\/div>\n\t\t\t\t\t<div id=\"elementor-tab-content-3625\" class=\"elementor-tab-content elementor-clearfix\" data-tab=\"5\" role=\"tabpanel\" aria-labelledby=\"elementor-tab-title-3625\" tabindex=\"0\" hidden=\"hidden\"><ul style=\"list-style-type: circle;\"><li>Jos\u00e9 Luis Alcal\u00e1 Blanco<img loading=\"lazy\" decoding=\"async\" class=\"alignright wp-image-1238 size-thumbnail\" src=\"https:\/\/site.eesppjjbtacna.edu.pe\/wp-content\/uploads\/2023\/08\/masculino-150x150.png\" alt=\"\" width=\"150\" height=\"150\" srcset=\"https:\/\/site.eesppjjbtacna.edu.pe\/wp-content\/uploads\/2023\/08\/masculino-150x150.png 150w, https:\/\/site.eesppjjbtacna.edu.pe\/wp-content\/uploads\/2023\/08\/masculino-300x300.png 300w, https:\/\/site.eesppjjbtacna.edu.pe\/wp-content\/uploads\/2023\/08\/masculino.png 512w\" sizes=\"(max-width: 150px) 100vw, 150px\" \/><\/li><li>Carlos Guillermo Arenas Guevara<\/li><li>Benedicto Anselmo Cabe Durand<\/li><\/ul><p>\u00a0<\/p><\/div>\n\t\t\t\t\t\t\t<\/div>\n\t\t<\/div>\n\t\t\t\t\t\t<\/div>\n\t\t\t\t<\/div>\n\t\t\t\t\t<\/div>\n\t\t\t\t<\/div>\n\t\t\t\t<\/div>\n\t\t","protected":false},"excerpt":{"rendered":"<p>La Formaci\u00f3n Inicial Docente (FID) en el Per\u00fa responde a una visi\u00f3n com\u00fan e integral de las competencias profesionales que requieren los docentes para atender las demandas del sistema educativo, que incluyen la atenci\u00f3n a la diversidad. Para ello, el curr\u00edculo de la FID establece el Perfil de egreso como&#8230;<\/p>\n<p> <a class=\"continue-reading-link\" href=\"https:\/\/site.eesppjjbtacna.edu.pe\/?page_id=936\"><span>Continuar leyendo&#8230;<\/span><i class=\"crycon-right-dir\"><\/i><\/a> <\/p>\n","protected":false},"author":1,"featured_media":0,"parent":0,"menu_order":0,"comment_status":"closed","ping_status":"closed","template":"","meta":{"footnotes":""},"class_list":["post-936","page","type-page","status-publish","hentry"],"_links":{"self":[{"href":"https:\/\/site.eesppjjbtacna.edu.pe\/index.php?rest_route=\/wp\/v2\/pages\/936","targetHints":{"allow":["GET"]}}],"collection":[{"href":"https:\/\/site.eesppjjbtacna.edu.pe\/index.php?rest_route=\/wp\/v2\/pages"}],"about":[{"href":"https:\/\/site.eesppjjbtacna.edu.pe\/index.php?rest_route=\/wp\/v2\/types\/page"}],"author":[{"embeddable":true,"href":"https:\/\/site.eesppjjbtacna.edu.pe\/index.php?rest_route=\/wp\/v2\/users\/1"}],"replies":[{"embeddable":true,"href":"https:\/\/site.eesppjjbtacna.edu.pe\/index.php?rest_route=%2Fwp%2Fv2%2Fcomments&post=936"}],"version-history":[{"count":25,"href":"https:\/\/site.eesppjjbtacna.edu.pe\/index.php?rest_route=\/wp\/v2\/pages\/936\/revisions"}],"predecessor-version":[{"id":1306,"href":"https:\/\/site.eesppjjbtacna.edu.pe\/index.php?rest_route=\/wp\/v2\/pages\/936\/revisions\/1306"}],"wp:attachment":[{"href":"https:\/\/site.eesppjjbtacna.edu.pe\/index.php?rest_route=%2Fwp%2Fv2%2Fmedia&parent=936"}],"curies":[{"name":"wp","href":"https:\/\/api.w.org\/{rel}","templated":true}]}}

EDUCACIÓN SECUNDARIA &#8211; COMUNICACIÓN

<div data-elementor-type="wp-page" data-elementor-id="936" class="elementor elementor-936">
				<div class="elementor-element elementor-element-4be2fac e-flex e-con-boxed e-con e-parent" data-id="4be2fac" data-element_type="container" data-e-type="container">
					<div class="e-con-inner">
				<div class="elementor-element elementor-element-0ddb032 elementor-widget elementor-widget-text-editor" data-id="0ddb032" data-element_type="widget" data-e-type="widget" data-widget_type="text-editor.default">
				<div class="elementor-widget-container">
									<p style="text-align: justify;"><span style="font-size: 14pt;"><img fetchpriority="high" decoding="async" class="size-full wp-image-445 alignleft" src="https://site.eesppjjbtacna.edu.pe/wp-content/uploads/2023/08/comunicacion.png" alt="" width="400" height="311" srcset="https://site.eesppjjbtacna.edu.pe/wp-content/uploads/2023/08/comunicacion.png 400w, https://site.eesppjjbtacna.edu.pe/wp-content/uploads/2023/08/comunicacion-300x233.png 300w, https://site.eesppjjbtacna.edu.pe/wp-content/uploads/2023/08/comunicacion-150x117.png 150w" sizes="(max-width: 400px) 100vw, 400px" />La Formación Inicial Docente (FID) en el Perú responde a una visión común e integral de las competencias profesionales que requieren los docentes para atender las demandas del sistema educativo, que incluyen la atención a la diversidad. Para ello, el currículo de la FID establece el Perfil de egreso como centro de una propuesta formativa integral orientada al desarrollo de competencias personales y profesionales en los estudiantes, que les permiten desenvolverse de manera ética, pertinente, eficiente y eficaz en su práctica docente. El Perfil de egreso de la FID se alinea a los dominios y competencias establecidos en el Marco de Buen Desempeño Docente (MBDD), a la vez que considera competencias vinculadas a la formación integral que requieren los docentes en el siglo XXI. </span></p>								</div>
				</div>
					</div>
				</div>
		<div class="elementor-element elementor-element-ff7a6fe e-flex e-con-boxed e-con e-parent" data-id="ff7a6fe" data-element_type="container" data-e-type="container">
					<div class="e-con-inner">
				<div class="elementor-element elementor-element-2294fae elementor-tabs-view-vertical elementor-widget elementor-widget-tabs" data-id="2294fae" data-element_type="widget" data-e-type="widget" data-widget_type="tabs.default">
				<div class="elementor-widget-container">
							<div class="elementor-tabs">
			<div class="elementor-tabs-wrapper" role="tablist" >
									<div id="elementor-tab-title-3621" class="elementor-tab-title elementor-tab-desktop-title" aria-selected="true" data-tab="1" role="tab" tabindex="0" aria-controls="elementor-tab-content-3621" aria-expanded="false">PERFIL DEL EGRESADO</div>
									<div id="elementor-tab-title-3622" class="elementor-tab-title elementor-tab-desktop-title" aria-selected="false" data-tab="2" role="tab" tabindex="-1" aria-controls="elementor-tab-content-3622" aria-expanded="false">ESTRUCTURA ORGANIZATIVA</div>
									<div id="elementor-tab-title-3623" class="elementor-tab-title elementor-tab-desktop-title" aria-selected="false" data-tab="3" role="tab" tabindex="-1" aria-controls="elementor-tab-content-3623" aria-expanded="false">PLAN DE ESTUDIOS</div>
									<div id="elementor-tab-title-3624" class="elementor-tab-title elementor-tab-desktop-title" aria-selected="false" data-tab="4" role="tab" tabindex="-1" aria-controls="elementor-tab-content-3624" aria-expanded="false">MALLA CURRICULAR</div>
									<div id="elementor-tab-title-3625" class="elementor-tab-title elementor-tab-desktop-title" aria-selected="false" data-tab="5" role="tab" tabindex="-1" aria-controls="elementor-tab-content-3625" aria-expanded="false">DOCENTES</div>
							</div>
			<div class="elementor-tabs-content-wrapper" role="tablist" aria-orientation="vertical">
									<div class="elementor-tab-title elementor-tab-mobile-title" aria-selected="true" data-tab="1" role="tab" tabindex="0" aria-controls="elementor-tab-content-3621" aria-expanded="false">PERFIL DEL EGRESADO</div>
					<div id="elementor-tab-content-3621" class="elementor-tab-content elementor-clearfix" data-tab="1" role="tabpanel" aria-labelledby="elementor-tab-title-3621" tabindex="0" hidden="false"><p style="text-align: justify;"><span style="font-size: 14pt;">El Perfil de egreso de la Formación Inicial Docente es la visión común e integral de las competencias profesionales docentes que deben desarrollar los estudiantes Progresivamente durante el proceso formativo para ejercer idóneamente la docencia. El Perfil de egreso permite establecer una formación integral especializada basada en la práctica, investigación e innovación, que busca garantizar el desarrollo de competencias en los estudiantes para desenvolverse de manera ética, eficiente y eficaz en su práctica docente, respondiendo a las demandas del sistema educativo. Este perfil de la Formación Inicial Docente se alinea a los dominios y competencias establecidos en el Marco de Buen Desempeño Docente (MBDD). Este marco establece la profesión como un quehacer complejo y reconoce dimensiones compartidas con otras profesiones, pero también delimita las dimensiones que son propias de la docencia.</span></p><p><img decoding="async" class="aligncenter size-full wp-image-1251" src="https://site.eesppjjbtacna.edu.pe/wp-content/uploads/2023/08/PERFIL-MAT.png" alt="" width="800" height="588" srcset="https://site.eesppjjbtacna.edu.pe/wp-content/uploads/2023/08/PERFIL-MAT.png 800w, https://site.eesppjjbtacna.edu.pe/wp-content/uploads/2023/08/PERFIL-MAT-300x221.png 300w, https://site.eesppjjbtacna.edu.pe/wp-content/uploads/2023/08/PERFIL-MAT-768x564.png 768w, https://site.eesppjjbtacna.edu.pe/wp-content/uploads/2023/08/PERFIL-MAT-150x110.png 150w" sizes="(max-width: 800px) 100vw, 800px" /></p></div>
									<div class="elementor-tab-title elementor-tab-mobile-title" aria-selected="false" data-tab="2" role="tab" tabindex="-1" aria-controls="elementor-tab-content-3622" aria-expanded="false">ESTRUCTURA ORGANIZATIVA</div>
					<div id="elementor-tab-content-3622" class="elementor-tab-content elementor-clearfix" data-tab="2" role="tabpanel" aria-labelledby="elementor-tab-title-3622" tabindex="0" hidden="hidden"><p><img decoding="async" class="aligncenter size-full wp-image-1281" src="https://site.eesppjjbtacna.edu.pe/wp-content/uploads/2023/08/ESTRUCTURA-ORGANIZATIVA-COM.png" alt="" width="800" height="547" srcset="https://site.eesppjjbtacna.edu.pe/wp-content/uploads/2023/08/ESTRUCTURA-ORGANIZATIVA-COM.png 800w, https://site.eesppjjbtacna.edu.pe/wp-content/uploads/2023/08/ESTRUCTURA-ORGANIZATIVA-COM-300x205.png 300w, https://site.eesppjjbtacna.edu.pe/wp-content/uploads/2023/08/ESTRUCTURA-ORGANIZATIVA-COM-768x525.png 768w, https://site.eesppjjbtacna.edu.pe/wp-content/uploads/2023/08/ESTRUCTURA-ORGANIZATIVA-COM-150x103.png 150w" sizes="(max-width: 800px) 100vw, 800px" /></p></div>
									<div class="elementor-tab-title elementor-tab-mobile-title" aria-selected="false" data-tab="3" role="tab" tabindex="-1" aria-controls="elementor-tab-content-3623" aria-expanded="false">PLAN DE ESTUDIOS</div>
					<div id="elementor-tab-content-3623" class="elementor-tab-content elementor-clearfix" data-tab="3" role="tabpanel" aria-labelledby="elementor-tab-title-3623" tabindex="0" hidden="hidden"><p><img loading="lazy" decoding="async" class="aligncenter size-full wp-image-1286" src="https://site.eesppjjbtacna.edu.pe/wp-content/uploads/2023/08/PLAN-ESTUDIOS-COM.png" alt="" width="800" height="1105" srcset="https://site.eesppjjbtacna.edu.pe/wp-content/uploads/2023/08/PLAN-ESTUDIOS-COM.png 800w, https://site.eesppjjbtacna.edu.pe/wp-content/uploads/2023/08/PLAN-ESTUDIOS-COM-217x300.png 217w, https://site.eesppjjbtacna.edu.pe/wp-content/uploads/2023/08/PLAN-ESTUDIOS-COM-741x1024.png 741w, https://site.eesppjjbtacna.edu.pe/wp-content/uploads/2023/08/PLAN-ESTUDIOS-COM-768x1061.png 768w, https://site.eesppjjbtacna.edu.pe/wp-content/uploads/2023/08/PLAN-ESTUDIOS-COM-109x150.png 109w" sizes="(max-width: 800px) 100vw, 800px" /></p></div>
									<div class="elementor-tab-title elementor-tab-mobile-title" aria-selected="false" data-tab="4" role="tab" tabindex="-1" aria-controls="elementor-tab-content-3624" aria-expanded="false">MALLA CURRICULAR</div>
					<div id="elementor-tab-content-3624" class="elementor-tab-content elementor-clearfix" data-tab="4" role="tabpanel" aria-labelledby="elementor-tab-title-3624" tabindex="0" hidden="hidden"><p><img loading="lazy" decoding="async" class="aligncenter size-full wp-image-1296" src="https://site.eesppjjbtacna.edu.pe/wp-content/uploads/2023/08/MALLA-CURRICULAR-COM.png" alt="" width="800" height="574" srcset="https://site.eesppjjbtacna.edu.pe/wp-content/uploads/2023/08/MALLA-CURRICULAR-COM.png 800w, https://site.eesppjjbtacna.edu.pe/wp-content/uploads/2023/08/MALLA-CURRICULAR-COM-300x215.png 300w, https://site.eesppjjbtacna.edu.pe/wp-content/uploads/2023/08/MALLA-CURRICULAR-COM-768x551.png 768w, https://site.eesppjjbtacna.edu.pe/wp-content/uploads/2023/08/MALLA-CURRICULAR-COM-150x108.png 150w" sizes="(max-width: 800px) 100vw, 800px" /></p></div>
									<div class="elementor-tab-title elementor-tab-mobile-title" aria-selected="false" data-tab="5" role="tab" tabindex="-1" aria-controls="elementor-tab-content-3625" aria-expanded="false">DOCENTES</div>
					<div id="elementor-tab-content-3625" class="elementor-tab-content elementor-clearfix" data-tab="5" role="tabpanel" aria-labelledby="elementor-tab-title-3625" tabindex="0" hidden="hidden"><ul style="list-style-type: circle;"><li>José Luis Alcalá Blanco<img loading="lazy" decoding="async" class="alignright wp-image-1238 size-thumbnail" src="https://site.eesppjjbtacna.edu.pe/wp-content/uploads/2023/08/masculino-150x150.png" alt="" width="150" height="150" srcset="https://site.eesppjjbtacna.edu.pe/wp-content/uploads/2023/08/masculino-150x150.png 150w, https://site.eesppjjbtacna.edu.pe/wp-content/uploads/2023/08/masculino-300x300.png 300w, https://site.eesppjjbtacna.edu.pe/wp-content/uploads/2023/08/masculino.png 512w" sizes="(max-width: 150px) 100vw, 150px" /></li><li>Carlos Guillermo Arenas Guevara</li><li>Benedicto Anselmo Cabe Durand</li></ul><p> </p></div>
							</div>
		</div>
						</div>
				</div>
					</div>
				</div>
				</div>

<p>La Formación Inicial Docente (FID) en el Perú responde a una visión común e integral de las competencias profesionales que requieren los docentes para atender las demandas del sistema educativo, que incluyen la atención a la diversidad. Para ello, el currículo de la FID establece el Perfil de egreso como&#8230;</p>
<p> <a class="continue-reading-link" href="https://site.eesppjjbtacna.edu.pe/?page_id=936"><span>Continuar leyendo&#8230;</span><i class="crycon-right-dir"></i></a> </p>
